ded by v(5).
4
Let k(h) = h**2 + h + 4. Let l be k(0). Suppose 5*v + 3*u - 96 = v, 16 = -4*u. What is the remainder when v is divided by (2/l)/((-3)/(-42))?
6
Let p = -1057 - -1464. What is the remainder when p is divided by 23?
16
Let o = 10 + 4. What is the remainder when 36 is divided by o?
8
Let y = -7 + 3. Let b(u) = -u**2 - 5*u + 1. Let v be b(y). Suppose -2*q = -v*q + 12. Calculate the remainder when q is divided by 3.
1
Let c(a) = -a**3 + 9*a**2 + a + 1. Let b(d) = 5*d**2 - 3*d**2 + 4*d**2 - 2*d**2 - 2 - 2*d. Calculate the remainder when b(3) is divided by c(9).
8
What is the remainder when 69 is divided by -21*(-6 - 210/(-49))?
33
Let v(h) = 4*h**3 + 2*h**2 + 3*h - 4. Let j be v(3). Calculate the remainder when 3/(-6) - 375/(-6) is divided by j/4 + (-18)/24.
30
Suppose 3*v = 5*y + 174, -4*v + 88 = -3*y - 155. What is the remainder when v is divided by 13?
11
Let q = -183 - -207. Calculate the remainder when 66 is divided by q.
18
Suppose 7*y = -2*y + 27. Suppose 4*g - 2*g + 226 = y*c, 4 = -2*g. What is the remainder when c is divided by 15?
14
Suppose -4*n = -118*n + 798. What is the remainder when n is divided by 55/15 + 2/(-3)?
1
Let h be 1/(-1)*(-2 + 3 + -1). Suppose h = 16*u + 2 - 146. Calculate the remainder when 14 is divided by u.
5
Let o = -2 + 7. Suppose -4*d = 3*p - 252, 12 = o*p - 2*p. Suppose -4*l = -3*u + d, 4*u + 4*l - 70 = -18. What is the remainder when u is divided by 6?
4
Suppose 19*r - 3*r = 432. Let o(s) = -4*s**3 - 2*s**2 - 2*s - 4. Let v be o(-3). Let a = v + -40. What is the remainder when a is divided by r?
25
Let d = 1083 - 1041. What is the remainder when d is divided by 34?
8
Let h(v) = -4*v + 24. Let o be h(-15). Suppose g + 2*g = -5*i + 82, -5*i = g - o. Calculate the remainder when 100 is divided by i.
15
Let v(h) = -2*h + 1. Let o be v(1). What is the remainder when (3/(0 + (-4)/(-10)))/(11397/15196) is divided by 1 + 0 + (o - -6)?
4
Let h(m) = 5*m + 13. What is the remainder when 115 is divided by h(0)?
11
Let z = 435 + -426. What is the remainder when (15/(-10))/((-3)/160) is divided by z?
8
Suppose 0 = 2*n + 2*l - 96, 5*n - l = n + 182. Let i = n - 26. Calculate the remainder when i is divided by 11.
9
Let i = 15 + 18. Suppose 6*v = 3*v + i. What is the remainder when 52 is divided by v?
8
Let i = 678 + -654. What is the remainder when 29 is divided by i?
5
Let u = 27 + -26. Let h(v) = 20*v**3 - 1. Calculate the remainder when 56 is divided by h(u).
18
Let g = 65 + -108. Let q = -33 - g. Suppose -2*d - q = -2*h - 0*h, 3*d - 33 = -5*h. What is the remainder when h is divided by 3?
0
Let b = 67 - 53. What is the remainder when 51 is divided by b?
9
Calculate the remainder when 4/(-14) - (-5556)/126*3 is divided by 2/(-9) + 2422/126.
18
Suppose 15*r = 66 + 39. What is the remainder when 54 is divided by r?
5
Suppose 0 = -4*d - 4*k + 128, -3*d + 6*d + 2*k = 101. Let b = 71 - d. Let r(i) = 6*i**2 + i. What is the remainder when b is divided by r(-1)?
4
Calculate the remainder when ((-144)/(-27))/(3/18) is divided by 23.
9
Let h(q) = -q**2 - 5*q + 8. Let c be h(-6). Calculate the remainder when 30 is divided by c/7 + 117/7.
13
Let g be (-3)/((-9)/12 + 66/104). Suppose 5*d + g = 71. Calculate the remainder when 60 is divided by d.
6
Let i = 17 + 10. Let q = 5 + 5. Calculate the remainder when i is divided by q.
7
Suppose s + 2 = -4*d, s - 12 = 2*s + 2*d. Let w(m) = -10*m**3 - 6*m**2 - 6. Let z be w(-2). Let o = z + s. Calculate the remainder when 110 is divided by o.
26
Suppose 0 = -4*l - 5*q + 16 + 159, -4*l - 4*q + 172 = 0. Calculate the remainder when 73 is divided by l.
33
Let d(f) = f**2 - 3*f - 21. Let o = 0 + 9. What is the remainder when 161 is divided by d(o)?
29
Suppose -2*p - 34 = -36, 4*o = 4*p + 488. Calculate the remainder when o is divided by ((-4)/(-6))/((-4)/(-186)).
30
Let n(b) = -b**2 - 7*b + 13. Let u(v) = v**3 - 2*v**2 - 4*v - 3. Let g be u(4). Let z = g - 20. What is the remainder when n(z) is divided by 8?
5
Let c = 62 - 50. Suppose 0*k = -5*k + 70. Calculate the remainder when k is divided by c.
2
Suppose -82*o = -25522 - 27204. What is the remainder when o is divided by 43?
41
Let c(y) = -y + 3. Let t be c(5). Suppose -2*j + 4*d + 36 = 0, j - 5*j + 22 = 2*d. Calculate the remainder when (42/(-4))/(t/4) is divided by j.
5
Calculate the remainder when 117 is divided by (-2570)/(-170) - (-4)/(-34).
12
Let f = -2 + 5. Suppose 2*c - k = -c + 77, 2*k = -f*c + 62. Calculate the remainder when 91 is divided by c.
19
Suppose -3*l = z - 71, 5*l - 5*z - 80 = 5. Let w = 127 - -2. Suppose 5*h - w = 86. What is the remainder when h is divided by l?
21
Let u(t) = -42*t - 293. Calculate the remainder when u(-9) is divided by 29.
27
Let u = 343 + -161. Let n = u + -37. Calculate the remainder when n is divided by 37.
34
Suppose -7*g = -2*g + 3*j - 39, -5*g + 2*j + 24 = 0. Calculate the remainder when 32 is divided by g.
2
Suppose -p + 108 + 43 = 5*y, 0 = 4*p + 16. What is the remainder when 90 is divided by y?
28
Let d(g) = -g**3 + 9*g**2 - 7*g + 2. Let u be d(6). Suppose -40 = -12*s + 8*s. What is the remainder when 1/(-2*(-2)/u) is divided by s?
7
Let d(f) = -f**3 - 9*f**2 - 17*f - 9. Let s be d(-7). Let i = s + 2. Calculate the remainder when 27 is divided by i.
13
Suppose 4*j - 4 = 0, 19 + 39 = y + 4*j. Calculate the remainder when y is divided by 31.
23
Let h(n) = 28*n**3 - 2*n**2 + 1. Let g be h(1). Let y = 9 - -25. Calculate the remainder when y is divided by (50/(-150))/((-1)/g - 0).
7
Let l = -3 - -5. Suppose 0*u = -a - l*u + 5, -a - 2 = -5*u. Suppose -i + 44 = a*i. What is the remainder when 20 is divided by i?
9
Suppose 7*v - 2*v = 0. Calculate the remainder when 107 is divided by ((-3)/6 - 0)*(-74 - v).
33
Let q(c) be the second derivative of c**4/12 + 5*c**3/6 + 3*c**2/2 - 6*c. Calculate the remainder when 78 is divided by q(-8).
24
Let w(x) = 1. Let q(v) = -38*v - 5. Let r(h) = -q(h) - 5*w(h). What is the remainder when r(1) is divided by 14?
10
Let r = 30 + -1. Let s(v) = -10*v - 3. Let b be s(-3). Suppose -b - 33 = -4*f. Calculate the remainder when r is divided by f.
14
Suppose 0 = 2*k - 4*s - 88, -263 = -5*k + s - 52. Calculate the remainder when 544 is divided by k.
40
Let j(r) = -r**3 + r**2 + 41. Let w be (2/10*0)/(-2). Suppose w = 10*q - 93 - 47. Calculate the remainder when j(0) is divided by q.
13
Let p(q) = -q**2 + 26*q - 22. Let o be p(25). Suppose f + 8*k - 12*k = 39, 0 = o*k + 9. Suppose -4*x + 5 = -51. Calculate the remainder when f is divided by x.
13
Calculate the remainder when 860 is divided by (1 + 2/14)/((-186)/(-2604)).
12
Let v = 751 + -415. What is the remainder when v is divided by 57?
51
Let a(b) = -2*b**2 + 22*b - 10. Let i be a(9). Let d = i + -5. Let r = 44 - d. Calculate the remainder when 91 is divided by r.
22
Let n(b) = -b - 1. Suppose -3*y + 52 = -6*y - 5*j, 3*j = 5*y + 30. Suppose -4*c + 8 = -4. Calculate the remainder when n(y) is divided by c.
2
Let w = 8 - 6. Let a be 1*(2 + 1 + w). Suppose l = -a*j + 14, j + j - 4*l = 10. What is the remainder when 9 is divided by j?
0
Suppose -1268 = -14*z + 1546. What is the remainder when z is divided by 51?
48
Let p(c) = -c**2 + 21*c - 24. Let h be p(20). Suppose -5*y + 5*z = -20, -z + 10 = y + 4*z. Calculate the remainder when h/(-4)*36/4 is divided by y.
4
Let u(s) = -3*s - 12. Let d be u(-5). Suppose 3*a - 6 = 0, -4*a = -d*f - a + 75. What is the remainder when 106 is divided by f?
25
Suppose 329 - 2885 = -12*a. Calculate the remainder when a is divided by 56.
45
Let j(k) = 2*k - 1. Let a = 77 - 56. Suppose 2*r + 3*u + a = 5*r, -5*u = r - 7. Calculate the remainder when j(7) is divided by r.
6
Suppose 130 = z + 3*c, c + 450 = 5*z - 248. Suppose -q + z = -53. Calculate the remainder when q is divided by 39.
36
Let q be (8/(-10))/((-5)/225). Let w = q - 20. What is the remainder when 60 is divided by w?
12
Suppose z + 4*z + 20 = 0. Calculate the remainder when 81 is divided by 21 + (z + 4)/5.
18
Let j(l) = -9*l + 4. Let w be j(-3). Let r = w + -79. What is the remainder when -3*(1 + r/9) is divided by 5?
3
Let f = 7413 - 7396. Let r(s) = 4*s**2 - 6*s - 4. Calculate the remainder when r(5) is divided by f.
15
Suppose 145 + 77 = 2*q - 2*h, 4*q + h - 439 = 0. Calculate the remainder when (-1)/(-1) - (0 - 8) 